{"id":1032,"date":"2026-05-08T18:49:03","date_gmt":"2026-05-08T15:49:03","guid":{"rendered":"https:\/\/www.w5.ro\/shop\/?post_type=product&#038;p=1032"},"modified":"2026-05-08T19:49:28","modified_gmt":"2026-05-08T16:49:28","slug":"catelus-crosetat","status":"publish","type":"product","link":"https:\/\/www.w5.ro\/shop\/catelus-crosetat\/","title":{"rendered":"Catelus crosetat"},"content":{"rendered":"<h4>Catelus crosetat<\/h4>\n<p><strong>Caracteristici:<\/strong><\/p>\n<ul>\n<li><strong>Materiale de calitate:<\/strong>\n<ul>\n<li>Fir de catifea 100% micropoliester<\/li>\n<li>Umplutura hipoalergenica<\/li>\n<li>Accesorii (ochisori, nas) cu dispozitiv de siguranta<\/li>\n<\/ul>\n<\/li>\n<li><strong>Dimensiune ideala:<\/strong> Compacta si usor de manevrat (aproximativ 16 cm)<\/li>\n<li><strong>Design unic:<\/strong>\u00a0Fiecare jucarie este crosetata manual, ceea ce inseamna ca fiecare piesa este unica in felul sau. Culorile vibrante si formele jucause aduc un strop de veselie in orice camera.<\/li>\n<li><strong>Culoare:<\/strong>\u00a0nuantele culorilor pot diferi putin in realitate .<\/li>\n<li><strong>Siguranta:<\/strong>\u00a0pentru copii sub 3 ani se recomanda atenta supraveghere a unui adult<\/li>\n<li><strong>Intretinere usoara:<\/strong>\u00a0Poate fi spalata manual, dar si in masina de spalat la un program delicat, la maxim 40\u02da C, pastrandu-si frumusetea si textura.<\/li>\n<\/ul>\n<p><strong>Beneficii:<\/strong><\/p>\n<ul>\n<li>Stimuleaza imaginatia si creativitatea.<\/li>\n<li>Ofera confort si companie celor mici.<\/li>\n<li>Perfecta pentru a fi oferita cadou la orice ocazie.<\/li>\n<\/ul>\n","protected":false},"excerpt":{"rendered":"<p class=\"isSelectedEnd\">Un c\u0103\u021belu\u0219 simpatic \u0219i pufos, cro\u0219etat manual cu mult\u0103 grij\u0103 \u0219i aten\u021bie la detalii. Cu dimensiunea sa de aproximativ 16 cm, este perfect pentru m\u00e2nu\u021bele celor mici sau pentru a fi oferit cadou unei persoane dragi.<\/p>\n<p>Realizat din fire moi \u0219i pl\u0103cute la atingere, acest mic prieten este gata s\u0103 aduc\u0103 z\u00e2mbete \u0219i \u00eembr\u0103\u021bi\u0219\u0103ri.<\/p>\n","protected":false},"featured_media":1034,"comment_status":"open","ping_status":"closed","template":"","meta":[],"product_brand":[],"product_cat":[18],"product_tag":[],"class_list":{"0":"post-1032","1":"product","2":"type-product","3":"status-publish","4":"has-post-thumbnail","6":"product_cat-jucarii-crosetate","8":"first","9":"instock","10":"sale","11":"shipping-taxable","12":"purchasable","13":"product-type-simple"},"_links":{"self":[{"href":"https:\/\/www.w5.ro\/shop\/wp-json\/wp\/v2\/product\/1032","targetHints":{"allow":["GET"]}}],"collection":[{"href":"https:\/\/www.w5.ro\/shop\/wp-json\/wp\/v2\/product"}],"about":[{"href":"https:\/\/www.w5.ro\/shop\/wp-json\/wp\/v2\/types\/product"}],"replies":[{"embeddable":true,"href":"https:\/\/www.w5.ro\/shop\/wp-json\/wp\/v2\/comments?post=1032"}],"wp:featuredmedia":[{"embeddable":true,"href":"https:\/\/www.w5.ro\/shop\/wp-json\/wp\/v2\/media\/1034"}],"wp:attachment":[{"href":"https:\/\/www.w5.ro\/shop\/wp-json\/wp\/v2\/media?parent=1032"}],"wp:term":[{"taxonomy":"product_brand","embeddable":true,"href":"https:\/\/www.w5.ro\/shop\/wp-json\/wp\/v2\/product_brand?post=1032"},{"taxonomy":"product_cat","embeddable":true,"href":"https:\/\/www.w5.ro\/shop\/wp-json\/wp\/v2\/product_cat?post=1032"},{"taxonomy":"product_tag","embeddable":true,"href":"https:\/\/www.w5.ro\/shop\/wp-json\/wp\/v2\/product_tag?post=1032"}],"curies":[{"name":"wp","href":"https:\/\/api.w.org\/{rel}","templated":true}]}}