{"id":816,"date":"2026-04-24T10:58:57","date_gmt":"2026-04-24T07:58:57","guid":{"rendered":"https:\/\/www.w5.ro\/shop\/?post_type=product&#038;p=816"},"modified":"2026-04-24T13:06:47","modified_gmt":"2026-04-24T10:06:47","slug":"cosulet-crosetat-model-albinuta","status":"publish","type":"product","link":"https:\/\/www.w5.ro\/shop\/cosulet-crosetat-model-albinuta\/","title":{"rendered":"Co\u0219ule\u021b cro\u0219etat \u2013 model albinu\u021b\u0103"},"content":{"rendered":"<p><strong>Caracteristici:<\/strong><\/p>\n<ul>\n<li><strong>Materiale de calitate:<\/strong>\n<ul>\n<li>Compozitie: combinatie de bumbac si acril<\/li>\n<li>Accesorii (ochi\u0219ori) cu dispozitiv de siguranta<\/li>\n<\/ul>\n<\/li>\n<li><strong>Dimensiune perfecta:<\/strong>\u00a0Usor de integrat in orice decor, aceasta decoratiune poate fi asezata pe masa, raft sau in colturile dragute ale casei tale.\n<ul>\n<li>Inaltime: aproximativ\u00a0 7 cm<\/li>\n<li>Diametru cosulet: aproximativ\u00a0 8 cm<\/li>\n<\/ul>\n<\/li>\n<\/ul>\n<p><strong>Beneficii:<\/strong><\/p>\n<ul>\n<li>Un obiect simplu, dar cu farmec \u2014 care transform\u0103 orice cadou \u00eentr-unul memorabil<\/li>\n<li>Este o piesa unica, realizata manual, care aduce o nota personalizata oricarui decor.<\/li>\n<\/ul>\n","protected":false},"excerpt":{"rendered":"<p data-start=\"555\" data-end=\"781\">Co\u0219ule\u021bele cro\u0219etate \u00een form\u0103 de albinu\u021b\u0103 sunt create pentru a aduce un strop de bucurie \u00een orice cadou.<\/p>\n<p data-start=\"555\" data-end=\"781\">Pot fi folosite pentru:<\/p>\n<ul>\n<li>\u00a0dulciuri<\/li>\n<li>\u00a0mici juc\u0103rii<\/li>\n<li>\u00a0suport pixuri<\/li>\n<\/ul>\n<p>Pentru produs personalizat \u00een culorile dorite v\u0103 rug\u0103m s\u0103 ne contacta\u021bi la sectiunea <a href=\"https:\/\/www.w5.ro\/shop\/contact\/\">contact<\/a> \u0219i v\u0103 putem realiza produsul conform specifica\u021biilor.<\/p>\n","protected":false},"featured_media":820,"comment_status":"open","ping_status":"closed","template":"","meta":[],"product_brand":[],"product_cat":[41],"product_tag":[47,42],"class_list":{"0":"post-816","1":"product","2":"type-product","3":"status-publish","4":"has-post-thumbnail","6":"product_cat-cosulete-crosetate","7":"product_tag-albinuta","8":"product_tag-cosulet-crosetat","10":"first","11":"instock","12":"sale","13":"shipping-taxable","14":"purchasable","15":"product-type-simple"},"_links":{"self":[{"href":"https:\/\/www.w5.ro\/shop\/wp-json\/wp\/v2\/product\/816","targetHints":{"allow":["GET"]}}],"collection":[{"href":"https:\/\/www.w5.ro\/shop\/wp-json\/wp\/v2\/product"}],"about":[{"href":"https:\/\/www.w5.ro\/shop\/wp-json\/wp\/v2\/types\/product"}],"replies":[{"embeddable":true,"href":"https:\/\/www.w5.ro\/shop\/wp-json\/wp\/v2\/comments?post=816"}],"wp:featuredmedia":[{"embeddable":true,"href":"https:\/\/www.w5.ro\/shop\/wp-json\/wp\/v2\/media\/820"}],"wp:attachment":[{"href":"https:\/\/www.w5.ro\/shop\/wp-json\/wp\/v2\/media?parent=816"}],"wp:term":[{"taxonomy":"product_brand","embeddable":true,"href":"https:\/\/www.w5.ro\/shop\/wp-json\/wp\/v2\/product_brand?post=816"},{"taxonomy":"product_cat","embeddable":true,"href":"https:\/\/www.w5.ro\/shop\/wp-json\/wp\/v2\/product_cat?post=816"},{"taxonomy":"product_tag","embeddable":true,"href":"https:\/\/www.w5.ro\/shop\/wp-json\/wp\/v2\/product_tag?post=816"}],"curies":[{"name":"wp","href":"https:\/\/api.w.org\/{rel}","templated":true}]}}